{"id":9554,"date":"2026-03-09T12:46:31","date_gmt":"2026-03-09T12:46:31","guid":{"rendered":"https:\/\/iversenbusser.ribemediehus.dk\/?page_id=9554"},"modified":"2026-03-17T18:24:00","modified_gmt":"2026-03-17T18:24:00","slug":"om-os","status":"publish","type":"page","link":"https:\/\/iversenbusser.ribemediehus.dk\/index.php\/om-os\/","title":{"rendered":"Om os"},"content":{"rendered":"<div class=\"wpb-content-wrapper\"><p>[vc_row][vc_column]\t\t\t<div class=\"info-box-wrapper\">\n\t\t\t\t<div id=\"wd-69aff26d443e1\" class=\" wd-rs-69aff26d443e1 wd-info-box wd-wpb text-left box-icon-align-left box-style- color-scheme-dark wd-bg-none wd-items-top \">\n\t\t\t\t\t\t\t\t\t\t\t<div class=\"box-icon-wrapper  box-with-icon box-icon-simple\">\n\t\t\t\t\t\t\t<div class=\"info-box-icon\">\n\n\t\t\t\t\t\t\t\n\t\t\t\t\t\t\t\t\t\t\t\t\t\t\t\t\t<img loading=\"lazy\" decoding=\"async\" width=\"800\" height=\"600\" src=\"https:\/\/iversenbusser.ribemediehus.dk\/wp-content\/uploads\/2026\/03\/leoiversen-800x600.png\" class=\"attachment-800x600 size-800x600\" alt=\"\" \/>\t\t\t\t\t\t\t\t\t\t\t\t\t\t\t\n\t\t\t\t\t\t\t<\/div>\n\t\t\t\t\t\t<\/div>\n\t\t\t\t\t\t\t\t\t\t<div class=\"info-box-content\">\n\t\t\t\t\t\t<div class=\"info-box-subtitle wd-fontsize-m subtitle-style-background\">Om mig<\/div><h4 class=\"info-box-title title box-title-style-default wd-fontsize-xxl\">Leo Iversen<\/h4>\t\t\t\t\t\t<div class=\"info-box-inner reset-last-child\"><p>+45 3048 1760<br \/>\niversen@iversensbusser.dk<br \/>\nTangevej 115 , 6760 Ribe<br \/>\nCVR: 32085288<\/p>\n<\/div>\n\n\t\t\t\t\t\t\t\t\t\t\t<\/div>\n\n\t\t\t\t\t\n\t\t\t\t\t<style>#wd-69aff26d443e1 .info-box-subtitle{}<\/style>\t\t\t\t<\/div>\n\t\t\t<\/div>\n\t\t[\/vc_column][\/vc_row][vc_row][vc_column][vc_separator wd_hide_on_desktop=&#8221;no&#8221; wd_hide_on_tablet=&#8221;no&#8221; wd_hide_on_mobile=&#8221;no&#8221;][\/vc_column][\/vc_row][vc_row][vc_column]\t\t<div id=\"wd-69aff013cd7d0\" class=\"wd-text-block wd-wpb reset-last-child wd-rs-69aff013cd7d0 text-left \">\n\t\t\t<p>Oprindelig startede virksomheden i 1956 hvor Niels Iversen k\u00f8bte koncession p\u00e5 ruten Ribe \u2013 Sk\u00e6rb\u00e6k. Firmaet hed da Ribe Rutebiler A\/S. Dette firma ekspanderede kraftig igennem \u00e5rene. S\u00f8nnen Leo Iversen arbejdede i mere end 20 \u00e5r i dette firma indtil 2009. Her stiftede han sammen med Hans \u00e6gtef\u00e6lle Lisbet firmaet Iversens Busser aps. Leo Iversen har p\u00e5 baggrund af alle \u00e5rene i i branchen taget erfaringerne med persontransport med i firmaet.<\/p>\n<p>Iversens busser betjener en bred kundekreds med forskellige behov. Vi har 3 luksus turistbusser med tv, toilet, k\u00f8kken, dvd og vippestole. Vi kan bygge borde i disse k\u00f8ret\u00f8jer efter behov. Der er god benplads. Vi har ogs\u00e5 3 handicapbusser alle med lift 1 stor liftbus til 20 personer samt 3 landevejsbusser med sikkerhedseler, Sikkerhed og service.<\/p>\n<p>Vi bestr\u00e6ber os p\u00e5 den personlige service, der er ved persontransport skal blive s\u00e5 h\u00f8j som muligt. Lige fra kontoret til afvikling af ordren er personalet instrueret i at yde den bedste service. Vi udv\u00e6lger n\u00f8je vore chauff\u00f8rer. De gennemg\u00e5r sikkerhedskurser og bliver ogs\u00e5 personligt tr\u00e6net i servicebetjening af kunder, samt tr\u00e6net specifik p\u00e5 hvert enkelt k\u00f8ret\u00f8j. Iversens Busser har eget v\u00e6rksted som varetager vedligeholdelse og reparationer. Busserne bliver l\u00f8bende vedligeholdt da dette omr\u00e5de er h\u00f8jt prioteret hos Iversens Busser.<\/p>\n<p>Iversens Busser ApS har som m\u00e5ls\u00e6tning at give kunderne den mest optimale service uanset hvem kunderne er. Med optimal service mener vi god forberedelse af k\u00f8rselsopgaver, dygtige og venlige chauff\u00f8rer, rene busser samt at overholde g\u00e6ldende love og regler s\u00e5 sikkerheden er i top. Kunderne er vigtige for os, derfor pr\u00f8ver vi hele tiden at tilpasse os kundernes \u00f8nsker og behov. R\u00e5dgivning til kunder er ogs\u00e5 en vigtig bestandel og vi deler gerne vore viden omkring tilrettel\u00e6ggelse af dagsture, udflugter, koncerter udlandsture m.m. Denne viden har vi opn\u00e5et ved at arbejde i branchen gennem mange \u00e5r.<\/p>\n\t\t<\/div>\n\t\t[\/vc_column][\/vc_row]<\/p>\n<\/div>","protected":false},"excerpt":{"rendered":"<p>[vc_row][vc_column][\/vc_column][\/vc_row][vc_row][vc_column][vc_separator wd_hide_on_desktop=&#8221;no&#8221; wd_hide_on_tablet=&#8221;no&#8221; wd_hide_on_mobile=&#8221;no&#8221;][\/vc_column][\/vc_row][vc_row][vc_column][\/vc_column][\/vc_row]<\/p>\n","protected":false},"author":2,"featured_media":0,"parent":0,"menu_order":0,"comment_status":"closed","ping_status":"closed","template":"","meta":{"footnotes":""},"class_list":["post-9554","page","type-page","status-publish","hentry"],"yoast_head":"<!-- This site is optimized with the Yoast SEO plugin v27.1.1 - https:\/\/yoast.com\/product\/yoast-seo-wordpress\/ -->\n<title>Om os - Iversenbusser<\/title>\n<meta name=\"robots\" content=\"noindex, follow, max-snippet:-1, max-image-preview:large, max-video-preview:-1\" \/>\n<meta property=\"og:locale\" content=\"da_DK\" \/>\n<meta property=\"og:type\" content=\"article\" \/>\n<meta property=\"og:title\" content=\"Om os - Iversenbusser\" \/>\n<meta property=\"og:description\" content=\"[vc_row][vc_column][\/vc_column][\/vc_row][vc_row][vc_column][vc_separator wd_hide_on_desktop=&#8221;no&#8221; wd_hide_on_tablet=&#8221;no&#8221; wd_hide_on_mobile=&#8221;no&#8221;][\/vc_column][\/vc_row][vc_row][vc_column][\/vc_column][\/vc_row]\" \/>\n<meta property=\"og:url\" content=\"https:\/\/iversenbusser.ribemediehus.dk\/index.php\/om-os\/\" \/>\n<meta property=\"og:site_name\" content=\"Iversenbusser\" \/>\n<meta property=\"article:modified_time\" content=\"2026-03-17T18:24:00+00:00\" \/>\n<meta name=\"twitter:card\" content=\"summary_large_image\" \/>\n<meta name=\"twitter:label1\" content=\"Estimeret l\u00e6setid\" \/>\n\t<meta name=\"twitter:data1\" content=\"3 minutter\" \/>\n<script type=\"application\/ld+json\" class=\"yoast-schema-graph\">{\"@context\":\"https:\/\/schema.org\",\"@graph\":[{\"@type\":\"WebPage\",\"@id\":\"https:\/\/iversenbusser.ribemediehus.dk\/index.php\/om-os\/\",\"url\":\"https:\/\/iversenbusser.ribemediehus.dk\/index.php\/om-os\/\",\"name\":\"Om os - Iversenbusser\",\"isPartOf\":{\"@id\":\"https:\/\/iversenbusser.ribemediehus.dk\/#website\"},\"datePublished\":\"2026-03-09T12:46:31+00:00\",\"dateModified\":\"2026-03-17T18:24:00+00:00\",\"breadcrumb\":{\"@id\":\"https:\/\/iversenbusser.ribemediehus.dk\/index.php\/om-os\/#breadcrumb\"},\"inLanguage\":\"da-DK\",\"potentialAction\":[{\"@type\":\"ReadAction\",\"target\":[\"https:\/\/iversenbusser.ribemediehus.dk\/index.php\/om-os\/\"]}]},{\"@type\":\"BreadcrumbList\",\"@id\":\"https:\/\/iversenbusser.ribemediehus.dk\/index.php\/om-os\/#breadcrumb\",\"itemListElement\":[{\"@type\":\"ListItem\",\"position\":1,\"name\":\"Hjem\",\"item\":\"https:\/\/iversenbusser.ribemediehus.dk\/\"},{\"@type\":\"ListItem\",\"position\":2,\"name\":\"Om os\"}]},{\"@type\":\"WebSite\",\"@id\":\"https:\/\/iversenbusser.ribemediehus.dk\/#website\",\"url\":\"https:\/\/iversenbusser.ribemediehus.dk\/\",\"name\":\"Iversenbusser\",\"description\":\"\",\"potentialAction\":[{\"@type\":\"SearchAction\",\"target\":{\"@type\":\"EntryPoint\",\"urlTemplate\":\"https:\/\/iversenbusser.ribemediehus.dk\/?s={search_term_string}\"},\"query-input\":{\"@type\":\"PropertyValueSpecification\",\"valueRequired\":true,\"valueName\":\"search_term_string\"}}],\"inLanguage\":\"da-DK\"}]}<\/script>\n<!-- \/ Yoast SEO plugin. -->","yoast_head_json":{"title":"Om os - Iversenbusser","robots":{"index":"noindex","follow":"follow","max-snippet":"max-snippet:-1","max-image-preview":"max-image-preview:large","max-video-preview":"max-video-preview:-1"},"og_locale":"da_DK","og_type":"article","og_title":"Om os - Iversenbusser","og_description":"[vc_row][vc_column][\/vc_column][\/vc_row][vc_row][vc_column][vc_separator wd_hide_on_desktop=&#8221;no&#8221; wd_hide_on_tablet=&#8221;no&#8221; wd_hide_on_mobile=&#8221;no&#8221;][\/vc_column][\/vc_row][vc_row][vc_column][\/vc_column][\/vc_row]","og_url":"https:\/\/iversenbusser.ribemediehus.dk\/index.php\/om-os\/","og_site_name":"Iversenbusser","article_modified_time":"2026-03-17T18:24:00+00:00","twitter_card":"summary_large_image","twitter_misc":{"Estimeret l\u00e6setid":"3 minutter"},"schema":{"@context":"https:\/\/schema.org","@graph":[{"@type":"WebPage","@id":"https:\/\/iversenbusser.ribemediehus.dk\/index.php\/om-os\/","url":"https:\/\/iversenbusser.ribemediehus.dk\/index.php\/om-os\/","name":"Om os - Iversenbusser","isPartOf":{"@id":"https:\/\/iversenbusser.ribemediehus.dk\/#website"},"datePublished":"2026-03-09T12:46:31+00:00","dateModified":"2026-03-17T18:24:00+00:00","breadcrumb":{"@id":"https:\/\/iversenbusser.ribemediehus.dk\/index.php\/om-os\/#breadcrumb"},"inLanguage":"da-DK","potentialAction":[{"@type":"ReadAction","target":["https:\/\/iversenbusser.ribemediehus.dk\/index.php\/om-os\/"]}]},{"@type":"BreadcrumbList","@id":"https:\/\/iversenbusser.ribemediehus.dk\/index.php\/om-os\/#breadcrumb","itemListElement":[{"@type":"ListItem","position":1,"name":"Hjem","item":"https:\/\/iversenbusser.ribemediehus.dk\/"},{"@type":"ListItem","position":2,"name":"Om os"}]},{"@type":"WebSite","@id":"https:\/\/iversenbusser.ribemediehus.dk\/#website","url":"https:\/\/iversenbusser.ribemediehus.dk\/","name":"Iversenbusser","description":"","potentialAction":[{"@type":"SearchAction","target":{"@type":"EntryPoint","urlTemplate":"https:\/\/iversenbusser.ribemediehus.dk\/?s={search_term_string}"},"query-input":{"@type":"PropertyValueSpecification","valueRequired":true,"valueName":"search_term_string"}}],"inLanguage":"da-DK"}]}},"_links":{"self":[{"href":"https:\/\/iversenbusser.ribemediehus.dk\/index.php\/wp-json\/wp\/v2\/pages\/9554","targetHints":{"allow":["GET"]}}],"collection":[{"href":"https:\/\/iversenbusser.ribemediehus.dk\/index.php\/wp-json\/wp\/v2\/pages"}],"about":[{"href":"https:\/\/iversenbusser.ribemediehus.dk\/index.php\/wp-json\/wp\/v2\/types\/page"}],"author":[{"embeddable":true,"href":"https:\/\/iversenbusser.ribemediehus.dk\/index.php\/wp-json\/wp\/v2\/users\/2"}],"replies":[{"embeddable":true,"href":"https:\/\/iversenbusser.ribemediehus.dk\/index.php\/wp-json\/wp\/v2\/comments?post=9554"}],"version-history":[{"count":14,"href":"https:\/\/iversenbusser.ribemediehus.dk\/index.php\/wp-json\/wp\/v2\/pages\/9554\/revisions"}],"predecessor-version":[{"id":9621,"href":"https:\/\/iversenbusser.ribemediehus.dk\/index.php\/wp-json\/wp\/v2\/pages\/9554\/revisions\/9621"}],"wp:attachment":[{"href":"https:\/\/iversenbusser.ribemediehus.dk\/index.php\/wp-json\/wp\/v2\/media?parent=9554"}],"curies":[{"name":"wp","href":"https:\/\/api.w.org\/{rel}","templated":true}]}}