{"id":9552,"date":"2026-03-09T12:46:11","date_gmt":"2026-03-09T12:46:11","guid":{"rendered":"https:\/\/iversenbusser.ribemediehus.dk\/?page_id=9552"},"modified":"2026-03-10T10:09:57","modified_gmt":"2026-03-10T10:09:57","slug":"ture-rejser","status":"publish","type":"page","link":"https:\/\/iversenbusser.ribemediehus.dk\/index.php\/ture-rejser\/","title":{"rendered":"Ture &#038; Rejser"},"content":{"rendered":"<div class=\"wpb-content-wrapper\"><p>[vc_row][vc_column width=&#8221;1\/2&#8243;]\n\t\t<div id=\"wd-69afec85113f4\" class=\"title-wrapper wd-wpb wd-set-mb reset-last-child  wd-rs-69afec85113f4 wd-title-color-default wd-title-style-default text-left  wd-underline-colored\">\n\t\t\t\t\t\t\t\n\t\t\t\t<div class=\"title-subtitle  subtitle-color-default font-default subtitle-style-background wd-font-weight- wd-fontsize-m\">Se ogs\u00e5<\/div>\n\t\t\t\n\t\t\t<div class=\"liner-continer\">\n\t\t\t\t<h4 class=\"woodmart-title-container title  wd-font-weight- wd-fontsize-xxxl\" >Ture \/ Rejser<\/h4>\n\t\t\t\t\t\t\t<\/div>\n\t\t\t\n\t\t\t\t\t\t\t<div class=\"title-after_title reset-last-child  wd-fontsize-s\">Iversens Busser tilbyder forskellige ture og rejser, og sammens\u00e6tter ogs\u00e5 gerne skr\u00e6ddersyede l\u00f8sninger efter aftale.<\/p>\n<p>Kontakt os for en snak og evt. uforpligtende tilbud.<\/div>\n\t\t\t\n\t\t\t\n\t\t<\/div>\n\t\t\n\t\t[\/vc_column][vc_column width=&#8221;1\/2&#8243;][vc_single_image image=&#8221;9535&#8243; img_size=&#8221;full&#8221; css=&#8221;&#8221; parallax_scroll=&#8221;no&#8221; woodmart_inline=&#8221;no&#8221;][\/vc_column][\/vc_row][vc_row][vc_column][vc_separator css=&#8221;&#8221; wd_hide_on_desktop=&#8221;no&#8221; wd_hide_on_tablet=&#8221;no&#8221; wd_hide_on_mobile=&#8221;no&#8221;][\/vc_column][\/vc_row][vc_row][vc_column width=&#8221;1\/2&#8243;]\n\t\t<div id=\"wd-69afece50a9f3\" class=\"title-wrapper wd-wpb wd-set-mb reset-last-child  wd-rs-69afece50a9f3 wd-title-color-default wd-title-style-default text-left  wd-underline-colored\">\n\t\t\t\n\t\t\t<div class=\"liner-continer\">\n\t\t\t\t<h4 class=\"woodmart-title-container title  wd-font-weight- wd-fontsize-xxxl\" >Skolerejser<\/h4>\n\t\t\t\t\t\t\t<\/div>\n\t\t\t\n\t\t\t\t\t\t\t<div class=\"title-after_title reset-last-child  wd-fontsize-s\">Vi har mange ture i denne kategori. Vi k\u00f8rer udlandsrejser for tekniske skoler, handelsskoler, gymnasier, folkeskoler og mange andre.<\/p>\n<p>Vi har kontakt til mange forskellige ungdomshoteller samt forslag til rejseprogrammer tilegnet unge mennesker.<\/div>\n\t\t\t\n\t\t\t\n\t\t<\/div>\n\t\t\n\t\t[\/vc_column][vc_column width=&#8221;1\/2&#8243;]\n\t\t<div id=\"wd-69afed652efe3\" class=\"title-wrapper wd-wpb wd-set-mb reset-last-child  wd-rs-69afed652efe3 wd-title-color-default wd-title-style-default text-left  wd-underline-colored\">\n\t\t\t\n\t\t\t<div class=\"liner-continer\">\n\t\t\t\t<h4 class=\"woodmart-title-container title  wd-font-weight- wd-fontsize-xxxl\" >Dagsture<\/h4>\n\t\t\t\t\t\t\t<\/div>\n\t\t\t\n\t\t\t\t\t\t\t<div class=\"title-after_title reset-last-child  wd-fontsize-s\">Der er rigtig mange sp\u00e6ndende bes\u00f8gsm\u00e5l i Danmark. Vi kan arrangere udflugtsm\u00e5l og spisemuligheder for jer\/samarbejde med jer.<\/p>\n<p>Vi har igennem mange \u00e5r k\u00f8rt med mange forskellige foregninger \/firmaer der skal p\u00e5 udflugt s\u00e5 vi har mange forslag liggende klar i skuffen. Ofte vil det kun v\u00e6re tilretninger af data samt kontrol af priser for at vi kan aflevere det endelige tilbud.<\/div>\n\t\t\t\n\t\t\t\n\t\t<\/div>\n\t\t\n\t\t[\/vc_column][\/vc_row][vc_row][vc_column width=&#8221;1\/2&#8243;]\n\t\t<div id=\"wd-69afed7421f53\" class=\"title-wrapper wd-wpb wd-set-mb reset-last-child  wd-rs-69afed7421f53 wd-title-color-default wd-title-style-default text-left  wd-underline-colored\">\n\t\t\t\n\t\t\t<div class=\"liner-continer\">\n\t\t\t\t<h4 class=\"woodmart-title-container title  wd-font-weight- wd-fontsize-xxxl\" >Juletur til Flensborg<\/h4>\n\t\t\t\t\t\t\t<\/div>\n\t\t\t\n\t\t\t\t\t\t\t<div class=\"title-after_title reset-last-child  wd-fontsize-s\">Juletur til Flensborg - Pris kr. 350,00 pr person. Kaffe og rundstykker er inkluderet i prisen. Vi k\u00f8rer efter endt opsamling til Flensborg centrum til julemarked.<\/p>\n<p>Efter ophold k\u00f8rer vi til Fleggaard for at gr\u00e6nsehandle, og derefter skal vi til Elvergaarden for at f\u00e5 kaffe og kage samt rundvisning p\u00e5 Danmarks mindste mejeri samt g\u00e5rdbutik.<\/div>\n\t\t\t\n\t\t\t\n\t\t<\/div>\n\t\t\n\t\t[\/vc_column][vc_column width=&#8221;1\/2&#8243;]\n\t\t<div id=\"wd-69afede01c599\" class=\"title-wrapper wd-wpb wd-set-mb reset-last-child  wd-rs-69afede01c599 wd-title-color-default wd-title-style-default text-left  wd-underline-colored\">\n\t\t\t\n\t\t\t<div class=\"liner-continer\">\n\t\t\t\t<h4 class=\"woodmart-title-container title  wd-font-weight- wd-fontsize-xxxl\" >Busture<\/h4>\n\t\t\t\t\t\t\t<\/div>\n\t\t\t\n\t\t\t\t\t\t\t<div class=\"title-after_title reset-last-child  wd-fontsize-s\">Busture \/ Udflugter har vi stor erfaring med. Vi k\u00f8rer for mange foregninger, skoler, institutioner og virksomheder. Vi arrangerer eller evt. hj\u00e6lper med r\u00e5d til jeres n\u00e6ste udflugtsm\u00e5l.<\/p>\n<p>Grupperne kan v\u00e6re alsidige f.eks fodbold i parken eller speedway. Koncerter i Hamborg eller amsterdam.<\/div>\n\t\t\t\n\t\t\t\n\t\t<\/div>\n\t\t\n\t\t[\/vc_column][\/vc_row]<\/p>\n<\/div>","protected":false},"excerpt":{"rendered":"<p>[vc_row][vc_column width=&#8221;1\/2&#8243;][\/vc_column][vc_column width=&#8221;1\/2&#8243;][vc_single_image image=&#8221;9535&#8243; img_size=&#8221;full&#8221; css=&#8221;&#8221; parallax_scroll=&#8221;no&#8221; woodmart_inline=&#8221;no&#8221;][\/vc_column][\/vc_row][vc_row][vc_column][vc_separator css=&#8221;&#8221; wd_hide_on_desktop=&#8221;no&#8221; wd_hide_on_tablet=&#8221;no&#8221; wd_hide_on_mobile=&#8221;no&#8221;][\/vc_column][\/vc_row][vc_row][vc_column width=&#8221;1\/2&#8243;][\/vc_column][vc_column width=&#8221;1\/2&#8243;][\/vc_column][\/vc_row][vc_row][vc_column width=&#8221;1\/2&#8243;][\/vc_column][vc_column width=&#8221;1\/2&#8243;][\/vc_column][\/vc_row]<\/p>\n","protected":false},"author":2,"featured_media":0,"parent":0,"menu_order":0,"comment_status":"closed","ping_status":"closed","template":"","meta":{"footnotes":""},"class_list":["post-9552","page","type-page","status-publish","hentry"],"yoast_head":"<!-- This site is optimized with the Yoast SEO plugin v27.1.1 - https:\/\/yoast.com\/product\/yoast-seo-wordpress\/ -->\n<title>Ture &amp; Rejser - Iversenbusser<\/title>\n<meta name=\"robots\" content=\"noindex, follow, max-snippet:-1, max-image-preview:large, max-video-preview:-1\" \/>\n<meta property=\"og:locale\" content=\"da_DK\" \/>\n<meta property=\"og:type\" content=\"article\" \/>\n<meta property=\"og:title\" content=\"Ture &amp; Rejser - Iversenbusser\" \/>\n<meta property=\"og:description\" content=\"[vc_row][vc_column width=&#8221;1\/2&#8243;][\/vc_column][vc_column width=&#8221;1\/2&#8243;][vc_single_image image=&#8221;9535&#8243; img_size=&#8221;full&#8221; css=&#8221;&#8221; parallax_scroll=&#8221;no&#8221; woodmart_inline=&#8221;no&#8221;][\/vc_column][\/vc_row][vc_row][vc_column][vc_separator css=&#8221;&#8221; wd_hide_on_desktop=&#8221;no&#8221; wd_hide_on_tablet=&#8221;no&#8221; wd_hide_on_mobile=&#8221;no&#8221;][\/vc_column][\/vc_row][vc_row][vc_column width=&#8221;1\/2&#8243;][\/vc_column][vc_column width=&#8221;1\/2&#8243;][\/vc_column][\/vc_row][vc_row][vc_column width=&#8221;1\/2&#8243;][\/vc_column][vc_column width=&#8221;1\/2&#8243;][\/vc_column][\/vc_row]\" \/>\n<meta property=\"og:url\" content=\"https:\/\/iversenbusser.ribemediehus.dk\/index.php\/ture-rejser\/\" \/>\n<meta property=\"og:site_name\" content=\"Iversenbusser\" \/>\n<meta property=\"article:modified_time\" content=\"2026-03-10T10:09:57+00:00\" \/>\n<meta name=\"twitter:card\" content=\"summary_large_image\" \/>\n<meta name=\"twitter:label1\" content=\"Estimeret l\u00e6setid\" \/>\n\t<meta name=\"twitter:data1\" content=\"2 minutter\" \/>\n<script type=\"application\/ld+json\" class=\"yoast-schema-graph\">{\"@context\":\"https:\/\/schema.org\",\"@graph\":[{\"@type\":\"WebPage\",\"@id\":\"https:\/\/iversenbusser.ribemediehus.dk\/index.php\/ture-rejser\/\",\"url\":\"https:\/\/iversenbusser.ribemediehus.dk\/index.php\/ture-rejser\/\",\"name\":\"Ture & Rejser - Iversenbusser\",\"isPartOf\":{\"@id\":\"https:\/\/iversenbusser.ribemediehus.dk\/#website\"},\"datePublished\":\"2026-03-09T12:46:11+00:00\",\"dateModified\":\"2026-03-10T10:09:57+00:00\",\"breadcrumb\":{\"@id\":\"https:\/\/iversenbusser.ribemediehus.dk\/index.php\/ture-rejser\/#breadcrumb\"},\"inLanguage\":\"da-DK\",\"potentialAction\":[{\"@type\":\"ReadAction\",\"target\":[\"https:\/\/iversenbusser.ribemediehus.dk\/index.php\/ture-rejser\/\"]}]},{\"@type\":\"BreadcrumbList\",\"@id\":\"https:\/\/iversenbusser.ribemediehus.dk\/index.php\/ture-rejser\/#breadcrumb\",\"itemListElement\":[{\"@type\":\"ListItem\",\"position\":1,\"name\":\"Hjem\",\"item\":\"https:\/\/iversenbusser.ribemediehus.dk\/\"},{\"@type\":\"ListItem\",\"position\":2,\"name\":\"Ture &#038; Rejser\"}]},{\"@type\":\"WebSite\",\"@id\":\"https:\/\/iversenbusser.ribemediehus.dk\/#website\",\"url\":\"https:\/\/iversenbusser.ribemediehus.dk\/\",\"name\":\"Iversenbusser\",\"description\":\"\",\"potentialAction\":[{\"@type\":\"SearchAction\",\"target\":{\"@type\":\"EntryPoint\",\"urlTemplate\":\"https:\/\/iversenbusser.ribemediehus.dk\/?s={search_term_string}\"},\"query-input\":{\"@type\":\"PropertyValueSpecification\",\"valueRequired\":true,\"valueName\":\"search_term_string\"}}],\"inLanguage\":\"da-DK\"}]}<\/script>\n<!-- \/ Yoast SEO plugin. -->","yoast_head_json":{"title":"Ture & Rejser - Iversenbusser","robots":{"index":"noindex","follow":"follow","max-snippet":"max-snippet:-1","max-image-preview":"max-image-preview:large","max-video-preview":"max-video-preview:-1"},"og_locale":"da_DK","og_type":"article","og_title":"Ture & Rejser - Iversenbusser","og_description":"[vc_row][vc_column width=&#8221;1\/2&#8243;][\/vc_column][vc_column width=&#8221;1\/2&#8243;][vc_single_image image=&#8221;9535&#8243; img_size=&#8221;full&#8221; css=&#8221;&#8221; parallax_scroll=&#8221;no&#8221; woodmart_inline=&#8221;no&#8221;][\/vc_column][\/vc_row][vc_row][vc_column][vc_separator css=&#8221;&#8221; wd_hide_on_desktop=&#8221;no&#8221; wd_hide_on_tablet=&#8221;no&#8221; wd_hide_on_mobile=&#8221;no&#8221;][\/vc_column][\/vc_row][vc_row][vc_column width=&#8221;1\/2&#8243;][\/vc_column][vc_column width=&#8221;1\/2&#8243;][\/vc_column][\/vc_row][vc_row][vc_column width=&#8221;1\/2&#8243;][\/vc_column][vc_column width=&#8221;1\/2&#8243;][\/vc_column][\/vc_row]","og_url":"https:\/\/iversenbusser.ribemediehus.dk\/index.php\/ture-rejser\/","og_site_name":"Iversenbusser","article_modified_time":"2026-03-10T10:09:57+00:00","twitter_card":"summary_large_image","twitter_misc":{"Estimeret l\u00e6setid":"2 minutter"},"schema":{"@context":"https:\/\/schema.org","@graph":[{"@type":"WebPage","@id":"https:\/\/iversenbusser.ribemediehus.dk\/index.php\/ture-rejser\/","url":"https:\/\/iversenbusser.ribemediehus.dk\/index.php\/ture-rejser\/","name":"Ture & Rejser - Iversenbusser","isPartOf":{"@id":"https:\/\/iversenbusser.ribemediehus.dk\/#website"},"datePublished":"2026-03-09T12:46:11+00:00","dateModified":"2026-03-10T10:09:57+00:00","breadcrumb":{"@id":"https:\/\/iversenbusser.ribemediehus.dk\/index.php\/ture-rejser\/#breadcrumb"},"inLanguage":"da-DK","potentialAction":[{"@type":"ReadAction","target":["https:\/\/iversenbusser.ribemediehus.dk\/index.php\/ture-rejser\/"]}]},{"@type":"BreadcrumbList","@id":"https:\/\/iversenbusser.ribemediehus.dk\/index.php\/ture-rejser\/#breadcrumb","itemListElement":[{"@type":"ListItem","position":1,"name":"Hjem","item":"https:\/\/iversenbusser.ribemediehus.dk\/"},{"@type":"ListItem","position":2,"name":"Ture &#038; Rejser"}]},{"@type":"WebSite","@id":"https:\/\/iversenbusser.ribemediehus.dk\/#website","url":"https:\/\/iversenbusser.ribemediehus.dk\/","name":"Iversenbusser","description":"","potentialAction":[{"@type":"SearchAction","target":{"@type":"EntryPoint","urlTemplate":"https:\/\/iversenbusser.ribemediehus.dk\/?s={search_term_string}"},"query-input":{"@type":"PropertyValueSpecification","valueRequired":true,"valueName":"search_term_string"}}],"inLanguage":"da-DK"}]}},"_links":{"self":[{"href":"https:\/\/iversenbusser.ribemediehus.dk\/index.php\/wp-json\/wp\/v2\/pages\/9552","targetHints":{"allow":["GET"]}}],"collection":[{"href":"https:\/\/iversenbusser.ribemediehus.dk\/index.php\/wp-json\/wp\/v2\/pages"}],"about":[{"href":"https:\/\/iversenbusser.ribemediehus.dk\/index.php\/wp-json\/wp\/v2\/types\/page"}],"author":[{"embeddable":true,"href":"https:\/\/iversenbusser.ribemediehus.dk\/index.php\/wp-json\/wp\/v2\/users\/2"}],"replies":[{"embeddable":true,"href":"https:\/\/iversenbusser.ribemediehus.dk\/index.php\/wp-json\/wp\/v2\/comments?post=9552"}],"version-history":[{"count":12,"href":"https:\/\/iversenbusser.ribemediehus.dk\/index.php\/wp-json\/wp\/v2\/pages\/9552\/revisions"}],"predecessor-version":[{"id":9607,"href":"https:\/\/iversenbusser.ribemediehus.dk\/index.php\/wp-json\/wp\/v2\/pages\/9552\/revisions\/9607"}],"wp:attachment":[{"href":"https:\/\/iversenbusser.ribemediehus.dk\/index.php\/wp-json\/wp\/v2\/media?parent=9552"}],"curies":[{"name":"wp","href":"https:\/\/api.w.org\/{rel}","templated":true}]}}